{"id":638,"date":"2026-03-17T14:21:27","date_gmt":"2026-03-17T13:21:27","guid":{"rendered":"https:\/\/www.inputmag.dk\/elbilguiden\/favoritter\/"},"modified":"2026-03-17T14:21:27","modified_gmt":"2026-03-17T13:21:27","slug":"favoritter","status":"publish","type":"page","link":"https:\/\/www.inputmag.dk\/elbilguiden\/favoritter\/","title":{"rendered":"Favoritter"},"content":{"rendered":"<div id=\"elbg-favorites\" class=\"elbg-favorites\" data-endpoint=\"https:\/\/www.inputmag.dk\/elbilguiden\/wp-json\/elbilguiden\/v1\/favorites\/cards\" data-share-create-endpoint=\"https:\/\/www.inputmag.dk\/elbilguiden\/wp-json\/elbilguiden\/v1\/favorites\/share\" data-share-resolve-endpoint=\"https:\/\/www.inputmag.dk\/elbilguiden\/wp-json\/elbilguiden\/v1\/favorites\/share\/resolve\" data-share-token=\"\"><header class=\"elbg-favorites__intro\"><h1 class=\"elbg-favorites__title\">Her er dine favoritter<\/h1><p class=\"elbg-favorites__lead\">Du kan frav\u00e6lge favoritter ved at klikke p\u00e5 hjertet. Husk at du ogs\u00e5 kan sammenligne favoritterne ved at klikke p\u00e5 Sammenlignings-ikonet p\u00e5 hvert bilkort.<\/p><\/header><div class=\"elbg-favorites__toolbar\" hidden><div class=\"elbg-favorites__toolbar-actions\"><button type=\"button\" class=\"elbg-favorites__action elbg-favorites__action--share\">Del favoritlink<\/button><\/div><div class=\"elbg-favorites__sharebox\" hidden><label class=\"screen-reader-text\" for=\"elbg-favorites-share-url\">Delbart favoritlink<\/label><input id=\"elbg-favorites-share-url\" class=\"elbg-favorites__share-input\" type=\"text\" readonly value=\"\" \/><button type=\"button\" class=\"elbg-favorites__action elbg-favorites__action--copy\">Kopi\u00e9r link<\/button><\/div><div class=\"elbg-favorites__meta\" hidden><\/div><\/div><div class=\"elbg-favorites__empty\">Du har ikke gemt nogen favoritter endnu. Tryk p\u00e5 hjertet p\u00e5 en bil for at gemme den her.<\/div><\/div>\n","protected":false},"excerpt":{"rendered":"","protected":false},"author":1,"featured_media":0,"parent":0,"menu_order":0,"comment_status":"closed","ping_status":"closed","template":"","meta":{"_acf_changed":false,"footnotes":""},"class_list":["post-638","page","type-page","status-publish","hentry"],"acf":[],"_links":{"self":[{"href":"https:\/\/www.inputmag.dk\/elbilguiden\/wp-json\/wp\/v2\/pages\/638","targetHints":{"allow":["GET"]}}],"collection":[{"href":"https:\/\/www.inputmag.dk\/elbilguiden\/wp-json\/wp\/v2\/pages"}],"about":[{"href":"https:\/\/www.inputmag.dk\/elbilguiden\/wp-json\/wp\/v2\/types\/page"}],"author":[{"embeddable":true,"href":"https:\/\/www.inputmag.dk\/elbilguiden\/wp-json\/wp\/v2\/users\/1"}],"replies":[{"embeddable":true,"href":"https:\/\/www.inputmag.dk\/elbilguiden\/wp-json\/wp\/v2\/comments?post=638"}],"version-history":[{"count":0,"href":"https:\/\/www.inputmag.dk\/elbilguiden\/wp-json\/wp\/v2\/pages\/638\/revisions"}],"wp:attachment":[{"href":"https:\/\/www.inputmag.dk\/elbilguiden\/wp-json\/wp\/v2\/media?parent=638"}],"curies":[{"name":"wp","href":"https:\/\/api.w.org\/{rel}","templated":true}]}}